0100 - -100?
-10100000
In base 8, what is 1 - -240?
241
In base 14, what is 4 + 95?
99
In base 13, what is -11 - 33?
-44
In base 15, what is -d + -6?
-14
In base 8, what is 24660 - 4?
24654
In base 11, what is 1 + -1a2?
-1a1
In base 2, what is -10010 + 11110100?
11100010
In base 3, what is 10200 - -1212?
12112
In base 14, what is 4 + -54?
-50
In base 8, what is 155 - 76?
57
In base 4, what is 1 + -20?
-13
In base 4, what is 11330 + 0?
11330
In base 8, what is -1 + -130?
-131
In base 7, what is 215 + 15?
233
In base 9, what is 13 - 54?
-41
In base 16, what is -4 + 62?
5e
In base 14, what is 76 - -1?
77
In base 11, what is -4 + 485?
481
In base 8, what is 4 + -174?
-170
In base 6, what is -224334 + -4?
-224342
In base 8, what is -4 - -43?
37
In base 14, what is -5 + 82?
7b
In base 2, what is -10 + -100111?
-101001
In base 10, what is 3 - 406?
-403
In base 14, what is 59 + 3c?
97
In base 5, what is 1040 - -10?
1100
In base 8, what is -4 - 44?
-50
In base 5, what is -2240 - -1?
-2234
In base 12, what is 243 - 3?
240
In base 11, what is -1 - 148?
-149
In base 11, what is -2 + 48?
46
In base 6, what is -2124 + 22?
-2102
In base 7, what is 34 + 12?
46
In base 16, what is 2a6 - 9?
29d
In base 3, what is 1200 - -20?
1220
In base 2, what is 11 + 110?
1001
In base 6, what is 0 + -1313?
-1313
In base 16, what is -16 - 2?
-18
In base 15, what is 32 - e?
23
In base 8, what is -231 + -14?
-245
In base 12, what is 44 - -4?
48
In base 7, what is 12 + 1343?
1355
In base 16, what is -2 + -106?
-108
In base 16, what is -2b7 - -1?
-2b6
In base 3, what is 0 + 11022?
11022
In base 11, what is -8 + 25?
18
In base 10, what is -4 + -1516?
-1520
In base 2, what is -10 + 1110100?
1110010
In base 10, what is 402 - 1?
401
In base 10, what is 47597 + 3?
47600
In base 12, what is -8 + -65?
-71
In base 2, what is 100 + -10011?
-1111
In base 3, what is -102022 - -2210?
-22112
In base 8, what is -7011 - 1?
-7012
In base 9, what is -82 + -76?
-168
In base 13, what is 117 - b?
109
In base 13, what is -3 + -292?
-295
In base 13, what is 1 - -1c2?
1c3
In base 13, what is -20 + 8?
-15
In base 14, what is 7 + 27?
30
In base 8, what is 5 - -1670?
1675
In base 5, what is 331 - -430?
1311
In base 14, what is 0 - c2?
-c2
In base 13, what is 49 - -5?
51
In base 4, what is -1 - -203210?
203203
In base 8, what is 202 - 26?
154
In base 13, what is -4 + -49?
-50
In base 2, what is -10110 - 111101?
-1010011
In base 5, what is 32 - 23243?
-23211
In base 2, what is -1010100001110 + -100?
-1010100010010
In base 16, what is -25e - 3?
-261
In base 14, what is b + 1b?
28
In base 4, what is 232 - 0?
232
In base 4, what is -112 + -11320?
-12032
In base 5, what is 433 - -113?
1101
In base 16, what is 1 + 2b?
2c
In base 12, what is -9 - -4?
-5
In base 14, what is 5b + -c?
4d
In base 4, what is -12 + 10?
-2
In base 8, what is 3 - -41?
44
In base 7, what is -455 + 1?
-454
In base 15, what is -34c - 2?
-34e
In base 11, what is 202 + 1?
203
In base 2, what is -10001001111 - -11?
-10001001100
In base 6, what is -5 + -31?
-40
In base 4, what is -1230 - -11?
-1213
In base 9, what is 4 - 3121?
-3116
In base 4, what is -31213 - 11?
-31230
In base 6, what is 34 - 1?
33
In base 9, what is 25 + 35?
61
In base 14, what is -5 + -22?
-27
In base 10, what is 208 + -2?
206
In base 16, what is 4b + -7?
44
In base 3, what is 21 + 12112?
12210
In base 13, what is -1 + -1925?
-1926
In base 6, what is -411 + 121?
-250
In base 2, what is -100 + 1111000?
1110100
In base 12, what is 4 - 15b?
-157
In base 9, what is 41 - -5?
46
In base 13, what is 0 + -117c?
-117c
In base 12, what is -119 - 6?
-123
In base 10, what is -1154 + 4?
-1150
In base 5, what is 3000 + -3?
2442
In base 5, what is 11 - 20034?
-20023
In base 5, what is 303 - 3?
300
In base 15, what is 4 + -14c?
-148
In base 4, what is 0 + -33202?
-33202
In base 7, what is -5552 + -2?
-5554
In base 8, what is 7 - 1176?
-1167
In base 15, what is -6bb + 5?
-6b6
In base 3, what is 0 + 111?
111
In base 13, what is 2 + -4c?
-4a
In base 16, what is -11 + -26?
-37
In base 13, what is 4743 - -2?
4745
In base 14, what is -35c + -1?
-35d
In base 10, what is 184 - 1?
183
In base 11, what is -4 + -158?
-161
In base 2, what is -1010 - 1111111?
-10001001
In base 14, what is -20 - 19?
-39
In base 3, what is -212 + 210012?
202100
In base 6, what is -130 + 2?
-124
In base 3, what is -11 - 2011?
-2022
In base 2, what is 10 + 110011111?
110100001
In base 2, what is 10 - 10111101010?
-10111101000
In base 7, what is -1445 - -3?
-1442
In base 10, what is 13 - 1603?
-1590
In base 8, what is 5236 - 1?
5235
In base 9, what is 8 + 13?
22
In base 11, what is 8 - 19?
-11
In base 10, what is -2450 - 5?
-2455
In base 14, what is -1 - 32?
-33
In base 15, what is 6a - 76?
-b
In base 14, what is 4d + 5?
54
In base 5, what is 10 + 1422?
1432
In base 7, what is 255 + -15?
240
In base 14, what is -8 - c?
-16
In base 11, what is 1a8 - 1?
1a7
In base 11, what is 6 + 108?
113
In base 16, what is 28 + c?
34
In base 7, what is 22 - -30?
52
In base 11, what is 1 + -11a?
-119
In base 9, what is 5 - -28?
34
In base 4, what is 3 - -110330?
110333
In base 8, what is 162 + -4?
156
In base 16, what is -4 + -81?
-85
In base 3, what is -11 + -111221?
-112002
In base 15, what is 1 - 7e1?
-7e0
In base 10, what is 5 - -137?
142
In base 15, what is a0 + c?
ac
In base 15, what is -11 - 8?
-19
In base 4, what is 1 + 10?
11
In base 16, what is 9 - e6?
-dd
In base 11, what is 47 - 8?
3a
In base 13, what is 28 + -47?
-1c
In base 16, what is 1 - 3b?
-3a
In base 2, what is -1010110 - 101?
-1011011
In base 13, what is 5 - aa?
-a5
In base 7, what is -102 - -3?
-66
In base 11, what is 23a4 - 1?
23a3
In base 15, what is 97 + 0?
97
In base 12, what is -173 + -2?
-175
In base 14, what is 2 - 22d?
-22b
In base 8, what is 534 + -3?
531
In base 2, what is -100101010 - -11?
-100100111
In base 3, what is -1122211022 - 10?
-1122211102
In base 4, what is -2 + 2122?
2120
In base 12, what is -5404 + 1?
-5403
In base 16, what is 6 + -85?
-7f
In base 14, what is 218 + b?
225
In base 7, what is 10 + 3554?
3564
In base 10, what is -152 - 4?
-156
In base 16, what is -25 + 1?
-24
In base 12, what is 93 - 1?
92
In base 16, what is -8 - -97?
8f
In base 6, what is 23 - 1535?
-1512
In base 13, what is -81 + -5?
-86
In base 14, what is -96 - -4?
-92
In base 5, what is 12 + -114?
-102
In base 5, what is 31423 - 11?
31412
In base 12, what is 2b - -8?
37
In base 3, what is 2012200 - 2?
2012121
In base 6, what is 240 - 15?
221
In base 12, what is 14b - -3?
152
In base 6, what is -1433 - 40?
-1513
In base 7, what is -45 + 3000?
2622
In base 6, what is -4 + 205?
201
In base 9, what is 11 - -1?
12
In base 16, what is 5b - -13?
6e
In base 12, what is -5 + -b8b?
-b94
In base 8, what is -24 - 31?
-55
In base 13, what is -5 + -57?
-5c
In base 14, what is 6 + -81?
-79
In base 10, what is 27 + 180?
207
In base 6, what is 5 + -103?
-54
In base 16, what is -6 - c1?
-c7
In base 15, what is -195 + -5?
-19a
In base 13, what is -7 - -4?
-3
In base 5, what is -11121 + -4?
-11130
In base 5, what is -212 + -3140?
-3402
In base 9, what is 0 + -645?
-645
In base 10, what is -40 - -24?
-16
In base 8, what is 7 - -35?
44
In base 3, what is 11 + -21011?
-21000
In base 9, what is -12 + -106?
-118
In base 6, what is 3 - 40345?
-40342
In base 11, what is 2428 - 4?
2424
In base 4, what is 1212 - 111?
1101
In base 10, what is -309 + -1?
-310
In base 16, what is -5f + -1?
-60
In base 9, what is 416 + 2?
418
In base 10, what is -2 + -2101?
-2103
In base 7, what is -1 - 62?
-63
In base 13, what is 2a8 + -4?
2a4
In base 4, what is -3021 + -10?
-3031
In base 16, what is 0 - aa?
-aa
In base 6, what is -12 + 2?
-10
In base 13, what is 20 - -118?
138
In base 6, what is -5 + -3554?
-4003
In base 5, what is 4 - 1200?
-1141
In base 16, what is -4 - 49?
-4d
In base 8, what is -13133 - 4?
-13137
In base 12, what is -30 + -22?
-52
In base 9, what is 18 - -534?
553
In base 15, what is 0 - 427?
-427
In base 2, what is -1000001100 + -10?
-1000001110
In base 14, what is 7 + d?
16
In base 6, what is 5 + -13?
-4
In base 8, what is -1 + -137?
-140
In base 11, what is -4 + 594?
590
In base 8, what is -32014 + -1?
-32015
In base 14, what is 118b + 8?
1195
In base 13, what is 2 - -1b2?
1b4
In base 6, what is 